{"id":4029,"date":"2025-05-19T01:28:35","date_gmt":"2025-05-19T05:28:35","guid":{"rendered":"https:\/\/fundaciondaya.org\/mystaging01\/?post_type=product&#038;p=4029"},"modified":"2025-05-26T13:45:03","modified_gmt":"2025-05-26T17:45:03","slug":"rudolf-motzfeld-lopez-medico-cirujano","status":"publish","type":"product","link":"https:\/\/fundaciondaya.org\/mystaging01\/servicios\/rudolf-motzfeld-lopez-medico-cirujano\/","title":{"rendered":"Rudolf Motzfeld L\u00f3pez &#8211; M\u00e9dico Cirujano"},"content":{"rendered":"<p><span style=\"font-weight: 400;\">El Dr. Rudolf Motzfeld L\u00f3pez, M\u00e9dico Cirujano egresado el a\u00f1o 2015 de la Universidad Finis terrae, cuenta con m\u00e1s de 8 a\u00f1os de experiencia en el uso m\u00e9dico de cannabinoides, destac\u00e1ndose en el tratamiento complementario de dolor cr\u00f3nico, patolog\u00edas de salud mental y manejo paliativo de condiciones neurol\u00f3gicas susceptibles de ser tratadas con derivados de cannabis. Desde 2019, trabaja en Fundaci\u00f3n Daya, brindando atenci\u00f3n m\u00e9dica general con orientaci\u00f3n especializada en cannabis medicinal para pacientes adultos y pedi\u00e1tricos, utilizando diversos formatos y v\u00edas de administraci\u00f3n.<\/span><\/p>\n<p><span style=\"font-weight: 400;\">Amplia experiencia en docencia en endocanabinolog\u00eda desde el a\u00f1o 2020, ha impartido m\u00faltiples cursos en Fundaci\u00f3n Daya. Tambi\u00e9n ha participado en presentaciones p\u00fablicas en hospitales y eventos, formando profesionales cl\u00ednicos en esta \u00e1rea. En su consulta particular (fundada en 2024), aplica un enfoque integrativo, utilizando cannabinoides para tratar patolog\u00edas f\u00edsicas y aspectos emocionales como estr\u00e9s o ansiedad, bas\u00e1ndose en evidencia cient\u00edfica para mejorar la calidad de vida de sus pacientes.<\/span><\/p>\n","protected":false},"excerpt":{"rendered":"<p>El Dr. Motzfeld L\u00f3pez, con m\u00e1s de 8 a\u00f1os de experiencia en cannabinoides, se especializa en dolor cr\u00f3nico, salud mental y condiciones neurol\u00f3gicas. Trabaja en Fundaci\u00f3n Daya desde 2019 y tiene una consulta particular desde 2024, aplicando un enfoque integrativo.<\/p>\n","protected":false},"featured_media":4030,"template":"","meta":{"_coblocks_attr":"","_coblocks_dimensions":"","_coblocks_responsive_height":"","_coblocks_accordion_ie_support":"","ub_ctt_via":"","_themeisle_gutenberg_block_has_review":false,"jetpack_post_was_ever_published":false},"product_brand":[],"product_cat":[142],"product_tag":[156,155],"class_list":{"0":"post-4029","1":"product","2":"type-product","3":"status-publish","4":"has-post-thumbnail","6":"product_cat-medicos-consultores","7":"product_tag-medicina-cannabica","8":"product_tag-medico-cirujano","10":"first","11":"instock","12":"shipping-taxable","13":"purchasable","14":"product-type-external"},"yoast_head":"<!-- This site is optimized with the Yoast SEO Premium plugin v20.0 (Yoast SEO v27.4) - https:\/\/yoast.com\/product\/yoast-seo-premium-wordpress\/ -->\n<title>Rudolf Motzfeld L\u00f3pez - M\u00e9dico Cirujano - Fundaci\u00f3n Daya<\/title>\n<meta name=\"robots\" content=\"noindex, follow, max-snippet:-1, max-image-preview:large, max-video-preview:-1\" \/>\n<meta property=\"og:locale\" content=\"es_ES\" \/>\n<meta property=\"og:type\" content=\"article\" \/>\n<meta property=\"og:title\" content=\"Rudolf Motzfeld L\u00f3pez - M\u00e9dico Cirujano\" \/>\n<meta property=\"og:description\" content=\"El Dr. Motzfeld L\u00f3pez, con m\u00e1s de 8 a\u00f1os de experiencia en cannabinoides, se especializa en dolor cr\u00f3nico, salud mental y condiciones neurol\u00f3gicas. Trabaja en Fundaci\u00f3n Daya desde 2019 y tiene una consulta particular desde 2024, aplicando un enfoque integrativo.\" \/>\n<meta property=\"og:url\" content=\"https:\/\/fundaciondaya.org\/mystaging01\/servicios\/rudolf-motzfeld-lopez-medico-cirujano\/\" \/>\n<meta property=\"og:site_name\" content=\"Fundaci\u00f3n Daya\" \/>\n<meta property=\"article:publisher\" content=\"https:\/\/www.facebook.com\/fundaciondaya\" \/>\n<meta property=\"article:modified_time\" content=\"2025-05-26T17:45:03+00:00\" \/>\n<meta property=\"og:image\" content=\"https:\/\/i0.wp.com\/fundaciondaya.org\/mystaging01\/wp-content\/uploads\/2025\/05\/Rudolph.png?fit=1080%2C1080&ssl=1\" \/>\n\t<meta property=\"og:image:width\" content=\"1080\" \/>\n\t<meta property=\"og:image:height\" content=\"1080\" \/>\n\t<meta property=\"og:image:type\" content=\"image\/png\" \/>\n<meta name=\"twitter:card\" content=\"summary_large_image\" \/>\n<meta name=\"twitter:site\" content=\"@FundacionDaya\" \/>\n<meta name=\"twitter:label1\" content=\"Tiempo de lectura\" \/>\n\t<meta name=\"twitter:data1\" content=\"1 minuto\" \/>\n<script type=\"application\/ld+json\" class=\"yoast-schema-graph\">{\"@context\":\"https:\\\/\\\/schema.org\",\"@graph\":[{\"@type\":\"WebPage\",\"@id\":\"https:\\\/\\\/fundaciondaya.org\\\/mystaging01\\\/servicios\\\/rudolf-motzfeld-lopez-medico-cirujano\\\/\",\"url\":\"https:\\\/\\\/fundaciondaya.org\\\/mystaging01\\\/servicios\\\/rudolf-motzfeld-lopez-medico-cirujano\\\/\",\"name\":\"Rudolf Motzfeld L\u00f3pez - M\u00e9dico Cirujano - Fundaci\u00f3n Daya\",\"isPartOf\":{\"@id\":\"https:\\\/\\\/fundaciondaya.org\\\/mystaging01\\\/#website\"},\"primaryImageOfPage\":{\"@id\":\"https:\\\/\\\/fundaciondaya.org\\\/mystaging01\\\/servicios\\\/rudolf-motzfeld-lopez-medico-cirujano\\\/#primaryimage\"},\"image\":{\"@id\":\"https:\\\/\\\/fundaciondaya.org\\\/mystaging01\\\/servicios\\\/rudolf-motzfeld-lopez-medico-cirujano\\\/#primaryimage\"},\"thumbnailUrl\":\"https:\\\/\\\/i0.wp.com\\\/fundaciondaya.org\\\/mystaging01\\\/wp-content\\\/uploads\\\/2025\\\/05\\\/Rudolph.png?fit=1080%2C1080&ssl=1\",\"datePublished\":\"2025-05-19T05:28:35+00:00\",\"dateModified\":\"2025-05-26T17:45:03+00:00\",\"breadcrumb\":{\"@id\":\"https:\\\/\\\/fundaciondaya.org\\\/mystaging01\\\/servicios\\\/rudolf-motzfeld-lopez-medico-cirujano\\\/#breadcrumb\"},\"inLanguage\":\"es\",\"potentialAction\":[{\"@type\":\"ReadAction\",\"target\":[\"https:\\\/\\\/fundaciondaya.org\\\/mystaging01\\\/servicios\\\/rudolf-motzfeld-lopez-medico-cirujano\\\/\"]}]},{\"@type\":\"ImageObject\",\"inLanguage\":\"es\",\"@id\":\"https:\\\/\\\/fundaciondaya.org\\\/mystaging01\\\/servicios\\\/rudolf-motzfeld-lopez-medico-cirujano\\\/#primaryimage\",\"url\":\"https:\\\/\\\/i0.wp.com\\\/fundaciondaya.org\\\/mystaging01\\\/wp-content\\\/uploads\\\/2025\\\/05\\\/Rudolph.png?fit=1080%2C1080&ssl=1\",\"contentUrl\":\"https:\\\/\\\/i0.wp.com\\\/fundaciondaya.org\\\/mystaging01\\\/wp-content\\\/uploads\\\/2025\\\/05\\\/Rudolph.png?fit=1080%2C1080&ssl=1\",\"width\":1080,\"height\":1080},{\"@type\":\"BreadcrumbList\",\"@id\":\"https:\\\/\\\/fundaciondaya.org\\\/mystaging01\\\/servicios\\\/rudolf-motzfeld-lopez-medico-cirujano\\\/#breadcrumb\",\"itemListElement\":[{\"@type\":\"ListItem\",\"position\":1,\"name\":\"Inicio\",\"item\":\"https:\\\/\\\/fundaciondaya.org\\\/mystaging01\\\/\"},{\"@type\":\"ListItem\",\"position\":2,\"name\":\"Tienda\",\"item\":\"https:\\\/\\\/fundaciondaya.org\\\/mystaging01\\\/tienda\\\/\"},{\"@type\":\"ListItem\",\"position\":3,\"name\":\"Rudolf Motzfeld L\u00f3pez &#8211; M\u00e9dico Cirujano\"}]},{\"@type\":\"WebSite\",\"@id\":\"https:\\\/\\\/fundaciondaya.org\\\/mystaging01\\\/#website\",\"url\":\"https:\\\/\\\/fundaciondaya.org\\\/mystaging01\\\/\",\"name\":\"Fundaci\u00f3n Daya\",\"description\":\"Primer Centro Cann\u00e1bico de Latinoam\u00e9rica\",\"publisher\":{\"@id\":\"https:\\\/\\\/fundaciondaya.org\\\/mystaging01\\\/#organization\"},\"potentialAction\":[{\"@type\":\"SearchAction\",\"target\":{\"@type\":\"EntryPoint\",\"urlTemplate\":\"https:\\\/\\\/fundaciondaya.org\\\/mystaging01\\\/?s={search_term_string}\"},\"query-input\":{\"@type\":\"PropertyValueSpecification\",\"valueRequired\":true,\"valueName\":\"search_term_string\"}}],\"inLanguage\":\"es\"},{\"@type\":\"Organization\",\"@id\":\"https:\\\/\\\/fundaciondaya.org\\\/mystaging01\\\/#organization\",\"name\":\"Fundaci\u00f3n Daya\",\"url\":\"https:\\\/\\\/fundaciondaya.org\\\/mystaging01\\\/\",\"logo\":{\"@type\":\"ImageObject\",\"inLanguage\":\"es\",\"@id\":\"https:\\\/\\\/fundaciondaya.org\\\/mystaging01\\\/#\\\/schema\\\/logo\\\/image\\\/\",\"url\":\"https:\\\/\\\/fundaciondaya.org\\\/mystaging01\\\/wp-content\\\/uploads\\\/2020\\\/09\\\/New-Logo-Daya-Naranjo.png\",\"contentUrl\":\"https:\\\/\\\/fundaciondaya.org\\\/mystaging01\\\/wp-content\\\/uploads\\\/2020\\\/09\\\/New-Logo-Daya-Naranjo.png\",\"width\":610,\"height\":183,\"caption\":\"Fundaci\u00f3n Daya\"},\"image\":{\"@id\":\"https:\\\/\\\/fundaciondaya.org\\\/mystaging01\\\/#\\\/schema\\\/logo\\\/image\\\/\"},\"sameAs\":[\"https:\\\/\\\/www.facebook.com\\\/fundaciondaya\",\"https:\\\/\\\/x.com\\\/FundacionDaya\",\"https:\\\/\\\/www.instagram.com\\\/fundaciondaya\\\/\",\"https:\\\/\\\/www.youtube.com\\\/channel\\\/UCgiidu5lI6mO-HGdhBqd5PQ\"]}]}<\/script>\n<!-- \/ Yoast SEO Premium plugin. -->","yoast_head_json":{"title":"Rudolf Motzfeld L\u00f3pez - M\u00e9dico Cirujano - Fundaci\u00f3n Daya","robots":{"index":"noindex","follow":"follow","max-snippet":"max-snippet:-1","max-image-preview":"max-image-preview:large","max-video-preview":"max-video-preview:-1"},"og_locale":"es_ES","og_type":"article","og_title":"Rudolf Motzfeld L\u00f3pez - M\u00e9dico Cirujano","og_description":"El Dr. Motzfeld L\u00f3pez, con m\u00e1s de 8 a\u00f1os de experiencia en cannabinoides, se especializa en dolor cr\u00f3nico, salud mental y condiciones neurol\u00f3gicas. Trabaja en Fundaci\u00f3n Daya desde 2019 y tiene una consulta particular desde 2024, aplicando un enfoque integrativo.","og_url":"https:\/\/fundaciondaya.org\/mystaging01\/servicios\/rudolf-motzfeld-lopez-medico-cirujano\/","og_site_name":"Fundaci\u00f3n Daya","article_publisher":"https:\/\/www.facebook.com\/fundaciondaya","article_modified_time":"2025-05-26T17:45:03+00:00","og_image":[{"width":1080,"height":1080,"url":"https:\/\/i0.wp.com\/fundaciondaya.org\/mystaging01\/wp-content\/uploads\/2025\/05\/Rudolph.png?fit=1080%2C1080&ssl=1","type":"image\/png"}],"twitter_card":"summary_large_image","twitter_site":"@FundacionDaya","twitter_misc":{"Tiempo de lectura":"1 minuto"},"schema":{"@context":"https:\/\/schema.org","@graph":[{"@type":"WebPage","@id":"https:\/\/fundaciondaya.org\/mystaging01\/servicios\/rudolf-motzfeld-lopez-medico-cirujano\/","url":"https:\/\/fundaciondaya.org\/mystaging01\/servicios\/rudolf-motzfeld-lopez-medico-cirujano\/","name":"Rudolf Motzfeld L\u00f3pez - M\u00e9dico Cirujano - Fundaci\u00f3n Daya","isPartOf":{"@id":"https:\/\/fundaciondaya.org\/mystaging01\/#website"},"primaryImageOfPage":{"@id":"https:\/\/fundaciondaya.org\/mystaging01\/servicios\/rudolf-motzfeld-lopez-medico-cirujano\/#primaryimage"},"image":{"@id":"https:\/\/fundaciondaya.org\/mystaging01\/servicios\/rudolf-motzfeld-lopez-medico-cirujano\/#primaryimage"},"thumbnailUrl":"https:\/\/i0.wp.com\/fundaciondaya.org\/mystaging01\/wp-content\/uploads\/2025\/05\/Rudolph.png?fit=1080%2C1080&ssl=1","datePublished":"2025-05-19T05:28:35+00:00","dateModified":"2025-05-26T17:45:03+00:00","breadcrumb":{"@id":"https:\/\/fundaciondaya.org\/mystaging01\/servicios\/rudolf-motzfeld-lopez-medico-cirujano\/#breadcrumb"},"inLanguage":"es","potentialAction":[{"@type":"ReadAction","target":["https:\/\/fundaciondaya.org\/mystaging01\/servicios\/rudolf-motzfeld-lopez-medico-cirujano\/"]}]},{"@type":"ImageObject","inLanguage":"es","@id":"https:\/\/fundaciondaya.org\/mystaging01\/servicios\/rudolf-motzfeld-lopez-medico-cirujano\/#primaryimage","url":"https:\/\/i0.wp.com\/fundaciondaya.org\/mystaging01\/wp-content\/uploads\/2025\/05\/Rudolph.png?fit=1080%2C1080&ssl=1","contentUrl":"https:\/\/i0.wp.com\/fundaciondaya.org\/mystaging01\/wp-content\/uploads\/2025\/05\/Rudolph.png?fit=1080%2C1080&ssl=1","width":1080,"height":1080},{"@type":"BreadcrumbList","@id":"https:\/\/fundaciondaya.org\/mystaging01\/servicios\/rudolf-motzfeld-lopez-medico-cirujano\/#breadcrumb","itemListElement":[{"@type":"ListItem","position":1,"name":"Inicio","item":"https:\/\/fundaciondaya.org\/mystaging01\/"},{"@type":"ListItem","position":2,"name":"Tienda","item":"https:\/\/fundaciondaya.org\/mystaging01\/tienda\/"},{"@type":"ListItem","position":3,"name":"Rudolf Motzfeld L\u00f3pez &#8211; M\u00e9dico Cirujano"}]},{"@type":"WebSite","@id":"https:\/\/fundaciondaya.org\/mystaging01\/#website","url":"https:\/\/fundaciondaya.org\/mystaging01\/","name":"Fundaci\u00f3n Daya","description":"Primer Centro Cann\u00e1bico de Latinoam\u00e9rica","publisher":{"@id":"https:\/\/fundaciondaya.org\/mystaging01\/#organization"},"potentialAction":[{"@type":"SearchAction","target":{"@type":"EntryPoint","urlTemplate":"https:\/\/fundaciondaya.org\/mystaging01\/?s={search_term_string}"},"query-input":{"@type":"PropertyValueSpecification","valueRequired":true,"valueName":"search_term_string"}}],"inLanguage":"es"},{"@type":"Organization","@id":"https:\/\/fundaciondaya.org\/mystaging01\/#organization","name":"Fundaci\u00f3n Daya","url":"https:\/\/fundaciondaya.org\/mystaging01\/","logo":{"@type":"ImageObject","inLanguage":"es","@id":"https:\/\/fundaciondaya.org\/mystaging01\/#\/schema\/logo\/image\/","url":"https:\/\/fundaciondaya.org\/mystaging01\/wp-content\/uploads\/2020\/09\/New-Logo-Daya-Naranjo.png","contentUrl":"https:\/\/fundaciondaya.org\/mystaging01\/wp-content\/uploads\/2020\/09\/New-Logo-Daya-Naranjo.png","width":610,"height":183,"caption":"Fundaci\u00f3n Daya"},"image":{"@id":"https:\/\/fundaciondaya.org\/mystaging01\/#\/schema\/logo\/image\/"},"sameAs":["https:\/\/www.facebook.com\/fundaciondaya","https:\/\/x.com\/FundacionDaya","https:\/\/www.instagram.com\/fundaciondaya\/","https:\/\/www.youtube.com\/channel\/UCgiidu5lI6mO-HGdhBqd5PQ"]}]}},"jetpack_sharing_enabled":true,"_links":{"self":[{"href":"https:\/\/fundaciondaya.org\/mystaging01\/wp-json\/wp\/v2\/product\/4029","targetHints":{"allow":["GET"]}}],"collection":[{"href":"https:\/\/fundaciondaya.org\/mystaging01\/wp-json\/wp\/v2\/product"}],"about":[{"href":"https:\/\/fundaciondaya.org\/mystaging01\/wp-json\/wp\/v2\/types\/product"}],"wp:featuredmedia":[{"embeddable":true,"href":"https:\/\/fundaciondaya.org\/mystaging01\/wp-json\/wp\/v2\/media\/4030"}],"wp:attachment":[{"href":"https:\/\/fundaciondaya.org\/mystaging01\/wp-json\/wp\/v2\/media?parent=4029"}],"wp:term":[{"taxonomy":"product_brand","embeddable":true,"href":"https:\/\/fundaciondaya.org\/mystaging01\/wp-json\/wp\/v2\/product_brand?post=4029"},{"taxonomy":"product_cat","embeddable":true,"href":"https:\/\/fundaciondaya.org\/mystaging01\/wp-json\/wp\/v2\/product_cat?post=4029"},{"taxonomy":"product_tag","embeddable":true,"href":"https:\/\/fundaciondaya.org\/mystaging01\/wp-json\/wp\/v2\/product_tag?post=4029"}],"curies":[{"name":"wp","href":"https:\/\/api.w.org\/{rel}","templated":true}]}}